{"id":86,"date":"2017-11-23T23:10:37","date_gmt":"2017-11-23T22:10:37","guid":{"rendered":"http:\/\/dsc-preussen.de\/tennis\/?page_id=86"},"modified":"2024-03-07T15:35:14","modified_gmt":"2024-03-07T14:35:14","slug":"mitglied-werden","status":"publish","type":"page","link":"https:\/\/dsc-preussen.de\/tennis\/mitglied-werden\/","title":{"rendered":"Mitglied werden"},"content":{"rendered":"<p>Du hast Lust auf Tennis in toller, sportlicher Atmosph\u00e4re?<\/p>\n<p>Es gen\u00fcgt Dir nicht, immer nur den Profis im Fernsehen zuzusehen. Stattdessen m\u00f6chtest Du lieber selbst aktiv werden und den Schl\u00e4ger in die Hand nehmen.<\/p>\n<p>Dann komm zu uns in die Tennisabteilung des DSC Preu\u00dfen 1901 e.V.<\/p>\n<p>Bei uns kannst Du sicher sein, dass Du nicht nur Spa\u00df am Spiel, sondern auch neue Freunde finden kannst.<\/p>\n<p>M\u00f6chtest Du Dich sportlich weiterentwickeln, st\u00fcnden sowohl den Anf\u00e4ngern als auch den Fortgeschrittenen unser Vereinstrainer zur Verf\u00fcgung.<\/p>\n<p>Dieses Angebot bezieht sich nicht nur auf den Sommer. Unsere vereinseigene Tennishalle kann im Winter ebenfalls von Dir angemietet werden.<\/p>\n<p>In unserem Clubhaus finden \u00fcber die ganze Saison hinaus vielf\u00e4ltige Veranstaltungen statt, die f\u00fcr ein buntes Clubleben sorgen.<\/p>\n<p>Sollten wir dein Interesse geweckt haben, wende Dich gerne vertrauensvoll an unsere Sportwarte oder schicke das ausgef\u00fcllte Anmeldeformular unten an a.heidemanns@dsc-preussen.de<\/p>\n<p>Wir freuen uns auf Dich!<\/p>\n<blockquote><p><span class=\"diyfeDecoration\">Beitr\u00e4ge 2024<\/span><\/p><\/blockquote>\n<div class=\"n module-type-text diyfeLiveArea \">\n<p><em><a href=\"http:\/\/dsc-preussen.de\/tennis\/wp-content\/uploads\/sites\/3\/2024\/03\/Beitraege-2024.pdf\">Beitr\u00e4ge 2024<\/a><\/em><\/p>\n\n<table id=\"tablepress-1\" class=\"tablepress tablepress-id-1\">\n<thead>\n<tr class=\"row-1\">\n\t<td class=\"column-1\"><\/td><th class=\"column-2\">Jahresbeitrag<\/th>\n<\/tr>\n<\/thead>\n<tbody class=\"row-striping row-hover\">\n<tr class=\"row-2\">\n\t<td class=\"column-1\">Erwachsene pro Person<\/td><td class=\"column-2\">330 \u20ac<\/td>\n<\/tr>\n<tr class=\"row-3\">\n\t<td class=\"column-1\">Ehepaar aktiv<\/td><td class=\"column-2\">550 \u20ac<\/td>\n<\/tr>\n<tr class=\"row-4\">\n\t<td class=\"column-1\">Ehepaar mit einem Kind<\/td><td class=\"column-2\">630 \u20ac<\/td>\n<\/tr>\n<tr class=\"row-5\">\n\t<td class=\"column-1\">Ehepaar mit zwei Kindern<\/td><td class=\"column-2\">700 \u20ac<\/td>\n<\/tr>\n<tr class=\"row-6\">\n\t<td class=\"column-1\">Alleinerziehendes Elternteil aktiv mit einem Kind<\/td><td class=\"column-2\">370 \u20ac <\/td>\n<\/tr>\n<tr class=\"row-7\">\n\t<td class=\"column-1\">Alleinerziehendes Elternteil aktiv mit zwei Kindern<\/td><td class=\"column-2\">410 \u20ac<\/td>\n<\/tr>\n<tr class=\"row-8\">\n\t<td class=\"column-1\">Sch\u00fcler \/ Studenten \/Auszubildende \u00fcber 18 Jahre<\/td><td class=\"column-2\">140 \u20ac<\/td>\n<\/tr>\n<tr class=\"row-9\">\n\t<td class=\"column-1\">Jugendliche<\/td><td class=\"column-2\">90 \u20ac<\/td>\n<\/tr>\n<tr class=\"row-10\">\n\t<td class=\"column-1\">Passive Mitglieder<\/td><td class=\"column-2\">60 \u20ac<\/td>\n<\/tr>\n<tr class=\"row-11\">\n\t<td class=\"column-1\">Elternanteil f\u00fcr das Kadertraining Sommer<\/td><td class=\"column-2\">120 \u20ac<\/td>\n<\/tr>\n<tr class=\"row-12\">\n\t<td class=\"column-1\">Elternanteil f\u00fcr das Kadertraining Winter<\/td><td class=\"column-2\">160 \u20ac<\/td>\n<\/tr>\n<\/tbody>\n<\/table>\n<!-- #tablepress-1 from cache -->\n<\/div>\n<div class=\"n module-type-table diyfeLiveArea \">\n<div id=\"table_5784180876\">\n<div id=\"table_5784180876_container\" class=\"tableContainer\">\n<div class=\"c\"><\/div>\n<blockquote><p>Aufnahmeantrag und Satzung<\/p><\/blockquote>\n<\/div>\n<p><a href=\"http:\/\/dsc-preussen.de\/tennis\/wp-content\/uploads\/sites\/3\/2024\/03\/2024_01_Preussen_Anmeldungsformular.pdf\">Anmeldeformular Preu\u00dfen Tennis 2024<\/a><\/p>\n<p><a href=\"http:\/\/dsc-preussen.de\/tennis\/wp-content\/uploads\/sites\/3\/2018\/03\/Satzung_der_Tennisabteilung_des_DSC_Preu\u00dfen_1901_eV_Stand_201802.pdf\" target=\"_blank\" rel=\"noopener noreferrer\">Satzung der Tennisabteilung des DSC Preu\u00dfen 1901 e.V.<\/a><\/p>\n<p>&nbsp;<\/p>\n<\/div>\n<\/div>\n","protected":false},"excerpt":{"rendered":"<p>Du hast Lust auf Tennis in toller, sportlicher Atmosph\u00e4re? Es gen\u00fcgt Dir nicht, immer nur den Profis im Fernsehen zuzusehen.<\/p>\n","protected":false},"author":2,"featured_media":0,"parent":0,"menu_order":0,"comment_status":"closed","ping_status":"closed","template":"","meta":{"colormag_page_container_layout":"default_layout","colormag_page_sidebar_layout":"default_layout","footnotes":"","_links_to":"","_links_to_target":""},"class_list":["post-86","page","type-page","status-publish","hentry"],"_links":{"self":[{"href":"https:\/\/dsc-preussen.de\/tennis\/wp-json\/wp\/v2\/pages\/86","targetHints":{"allow":["GET"]}}],"collection":[{"href":"https:\/\/dsc-preussen.de\/tennis\/wp-json\/wp\/v2\/pages"}],"about":[{"href":"https:\/\/dsc-preussen.de\/tennis\/wp-json\/wp\/v2\/types\/page"}],"author":[{"embeddable":true,"href":"https:\/\/dsc-preussen.de\/tennis\/wp-json\/wp\/v2\/users\/2"}],"replies":[{"embeddable":true,"href":"https:\/\/dsc-preussen.de\/tennis\/wp-json\/wp\/v2\/comments?post=86"}],"version-history":[{"count":32,"href":"https:\/\/dsc-preussen.de\/tennis\/wp-json\/wp\/v2\/pages\/86\/revisions"}],"predecessor-version":[{"id":3908,"href":"https:\/\/dsc-preussen.de\/tennis\/wp-json\/wp\/v2\/pages\/86\/revisions\/3908"}],"wp:attachment":[{"href":"https:\/\/dsc-preussen.de\/tennis\/wp-json\/wp\/v2\/media?parent=86"}],"curies":[{"name":"wp","href":"https:\/\/api.w.org\/{rel}","templated":true}]}}