{"id":40,"date":"2016-05-31T23:01:25","date_gmt":"2016-05-31T23:01:25","guid":{"rendered":"http:\/\/dsc-preussen.de\/?page_id=40"},"modified":"2025-09-03T15:48:27","modified_gmt":"2025-09-03T13:48:27","slug":"mitglied-werden","status":"publish","type":"page","link":"https:\/\/dsc-preussen.de\/hockey\/mitglied-werden\/","title":{"rendered":"Mitglied werden!"},"content":{"rendered":"<p><strong>Mitgliedschaft beim<\/strong>\u00a0<strong>DSC Preu\u00dfen<\/strong><\/p>\n<p>Du hast Dein Interesse am Hockeysport entdeckt? Dann nimm zuerst Kontakt mit unseren Trainern oder Betreuern auf. Schau einfach auf die Seite der\u00a0Trainer und Betreuer. Dort findest Du die Telefonnummer oder eine E-Mail-Adresse f\u00fcr die erste Kontaktaufnahme. Danach kommst Du einfach vorbei und nimmst an einem Probetraining teil.<\/p>\n<div>\n<p><strong>R\u00fcckfragen zu Beitr\u00e4gen bzw. zur Mitgliedschaft sind ausschlie\u00dflich an den <a href=\"https:\/\/dsc-preussen.de\/hockey\/abteilungsvorstand\/\">Kassenwart<\/a> der Hockeyabteilung zu stellen.<\/strong><\/p>\n<\/div>\n<p>Zurzeit haben wir folgende Beitragsstruktur (ab 01.07.2025):<\/p>\n\n<table id=\"tablepress-38\" class=\"tablepress tablepress-id-38 tbody-has-connected-cells\">\n<thead>\n<tr class=\"row-1\">\n\t<td class=\"column-1\"><\/td><th class=\"column-2\">Monatsbeitrag ab 07\/2025<\/th><td class=\"column-3\"><\/td>\n<\/tr>\n<\/thead>\n<tbody class=\"row-striping row-hover\">\n<tr class=\"row-2\">\n\t<td class=\"column-1\">Minis (0 bis 6 Jahre)<\/td><td class=\"column-2\">12,5 \u20ac<\/td><td class=\"column-3\"><\/td>\n<\/tr>\n<tr class=\"row-3\">\n\t<td class=\"column-1\">Kinder (7 bis 10 Jahre)<\/td><td class=\"column-2\">15 \u20ac<\/td><td class=\"column-3\"><\/td>\n<\/tr>\n<tr class=\"row-4\">\n\t<td class=\"column-1\">Jugendliche (11-18 Jahre)<\/td><td class=\"column-2\">17,5 \u20ac<\/td><td class=\"column-3\"><\/td>\n<\/tr>\n<tr class=\"row-5\">\n\t<td class=\"column-1\">Sch\u00fcler\/Studenten\/Auszubildende<br \/>\n(bis max. 27 Jahren)<\/td><td class=\"column-2\">22,5 \u20ac<\/td><td class=\"column-3\"><\/td>\n<\/tr>\n<tr class=\"row-6\">\n\t<td class=\"column-1\">Familienbeitrag (Mind. drei aktive Mitglieder, davon ein Elternteil)<\/td><td class=\"column-2\">Beitr\u00e4ge - 20%<\/td><td class=\"column-3\">Alle aktiven Familienmitglieder erhalten einen Familienbonus von 20 % auf ihre jeweiligen Beitr\u00e4ge.<\/td>\n<\/tr>\n<tr class=\"row-7\">\n\t<td class=\"column-1\">Senioren<\/td><td class=\"column-2\">27,5 \u20ac<\/td><td class=\"column-3\"><\/td>\n<\/tr>\n<tr class=\"row-8\">\n\t<td class=\"column-1\">Elternhockey<\/td><td class=\"column-2\">15 \u20ac<\/td><td class=\"column-3\"><\/td>\n<\/tr>\n<tr class=\"row-9\">\n\t<td class=\"column-1\">Passive Mitglieder<\/td><td class=\"column-2\">5 \u20ac<\/td><td class=\"column-3\"><\/td>\n<\/tr>\n<tr class=\"row-10\">\n\t<td colspan=\"3\" class=\"column-1\">Info: Es ist bei Kindern\/Jugendlichen keine Pflichtmitgliedschaft eines Elternteiles erforderlich!<\/td>\n<\/tr>\n<tr class=\"row-11\">\n\t<td colspan=\"3\" class=\"column-1\">Info: Die in den Familienbeitr\u00e4gen enthaltenen Mitglieder m\u00fcssen Aktive sein.<\/td>\n<\/tr>\n<tr class=\"row-12\">\n\t<td colspan=\"3\" class=\"column-1\">F\u00fcr die Zeit vom 01.07.2023-30.06.2026 wird ein monatlicher Zusatzbeitrag von 5\u20ac pro aktivem Mitglied erhoben.<\/td>\n<\/tr>\n<\/tbody>\n<\/table>\n<!-- #tablepress-38 from cache -->\n<blockquote><p>Aufnahmeantrag<\/p><\/blockquote>\n<div>\n<p>F\u00fcr den Beitritt bitte den folgenden Antrag verwenden und per Brief an die angegebene Adresse senden:<\/p>\n<p>&gt;&gt;\u00a0<a href=\"http:\/\/dsc-preussen.de\/hockey\/wp-content\/uploads\/sites\/2\/2025\/09\/20250701_DSCP-Hockey-Aufnahmeantrag.pdf\" target=\"_blank\" rel=\"noopener\">Aufnahmeantrag DSC Preu\u00dfen Hockey-Abteilung<\/a><\/p>\n<\/div>\n<div>\n<p>&nbsp;<\/p>\n<p><strong>K\u00fcndigungsformular<\/strong><\/p>\n<div>\n<p>Die K\u00fcndigung ist in der Satzung des DSC Preu\u00dfen in \u00a73 geregelt:<\/p>\n<p>&#8222;Der Austritt eines Mitgliedes erfolgt durch schriftliche Erkl\u00e4rung per Einschreiben gegen\u00fcber dem Vorstand. Der Beitrag ist jeweils bis zum Ende des Gesch\u00e4ftsjahres zu entrichten.&#8220;<\/p>\n<p>Bitte benutzten Sie dazu ausschlie\u00dflich das folgende Formular, welches auch weitere Informationen enth\u00e4lt:<\/p>\n<p>&gt;&gt;\u00a0<a href=\"http:\/\/dsc-preussen.de\/hockey\/wp-content\/uploads\/sites\/2\/2022\/09\/20220901_DSCP-Hockey-Kuendigungsvorlage.pdf\" target=\"_blank\" rel=\"noopener noreferrer\">K\u00fcndigungsformular DSC Preu\u00dfen Hockey-Abteilung<\/a><\/p>\n<\/div>\n<div><\/div>\n<\/div>\n<div><\/div>\n<div><\/div>\n","protected":false},"excerpt":{"rendered":"<p>Mitgliedschaft beim\u00a0DSC Preu\u00dfen Du hast Dein Interesse am Hockeysport entdeckt? Dann nimm zuerst Kontakt mit unseren Trainern oder Betreuern auf.<\/p>\n","protected":false},"author":1,"featured_media":0,"parent":0,"menu_order":0,"comment_status":"closed","ping_status":"closed","template":"","meta":{"colormag_page_container_layout":"default_layout","colormag_page_sidebar_layout":"default_layout","_price":"","_stock":"","_tribe_ticket_header":"","_tribe_default_ticket_provider":"","_tribe_ticket_capacity":"0","_ticket_start_date":"","_ticket_end_date":"","_tribe_ticket_show_description":"","_tribe_ticket_show_not_going":false,"_tribe_ticket_use_global_stock":"","_tribe_ticket_global_stock_level":"","_global_stock_mode":"","_global_stock_cap":"","_tribe_rsvp_for_event":"","_tribe_ticket_going_count":"","_tribe_ticket_not_going_count":"","_tribe_tickets_list":"[]","_tribe_ticket_has_attendee_info_fields":false,"footnotes":"","_tec_slr_enabled":"","_tec_slr_layout":"","_links_to":"","_links_to_target":""},"class_list":["post-40","page","type-page","status-publish","hentry"],"ticketed":false,"_links":{"self":[{"href":"https:\/\/dsc-preussen.de\/hockey\/wp-json\/wp\/v2\/pages\/40","targetHints":{"allow":["GET"]}}],"collection":[{"href":"https:\/\/dsc-preussen.de\/hockey\/wp-json\/wp\/v2\/pages"}],"about":[{"href":"https:\/\/dsc-preussen.de\/hockey\/wp-json\/wp\/v2\/types\/page"}],"author":[{"embeddable":true,"href":"https:\/\/dsc-preussen.de\/hockey\/wp-json\/wp\/v2\/users\/1"}],"replies":[{"embeddable":true,"href":"https:\/\/dsc-preussen.de\/hockey\/wp-json\/wp\/v2\/comments?post=40"}],"version-history":[{"count":38,"href":"https:\/\/dsc-preussen.de\/hockey\/wp-json\/wp\/v2\/pages\/40\/revisions"}],"predecessor-version":[{"id":4492,"href":"https:\/\/dsc-preussen.de\/hockey\/wp-json\/wp\/v2\/pages\/40\/revisions\/4492"}],"wp:attachment":[{"href":"https:\/\/dsc-preussen.de\/hockey\/wp-json\/wp\/v2\/media?parent=40"}],"curies":[{"name":"wp","href":"https:\/\/api.w.org\/{rel}","templated":true}]}}