{"id":2186,"date":"2017-12-14T20:48:11","date_gmt":"2017-12-14T19:48:11","guid":{"rendered":"http:\/\/dsc-preussen.de\/hockey\/?page_id=2186"},"modified":"2017-12-15T20:59:50","modified_gmt":"2017-12-15T19:59:50","slug":"foerderverein-bei-schulengel-de","status":"publish","type":"page","link":"https:\/\/dsc-preussen.de\/hockey\/foerderverein-bei-schulengel-de\/","title":{"rendered":"F\u00f6rderverein bei Schulengel.de"},"content":{"rendered":"<div id=\"pl-2186\"  class=\"panel-layout\" ><div id=\"pg-2186-0\"  class=\"panel-grid panel-no-style\" ><div id=\"pgc-2186-0-0\"  class=\"panel-grid-cell\" ><div id=\"panel-2186-0-0-0\" class=\"so-panel widget widget_sow-editor panel-first-child panel-last-child\" data-index=\"0\" ><div\n\t\t\t\n\t\t\tclass=\"so-widget-sow-editor so-widget-sow-editor-base\"\n\t\t\t\n\t\t>\n<div class=\"siteorigin-widget-tinymce textwidget\">\n\t<p><b>Online einkaufen und den DSC Preu\u00dfen unterst\u00fctzen. <\/b><\/p>\n<p class=\"bodytext\">Liebe Preu\u00dfen, liebe Ehemalige und liebe Freunde und F\u00f6rderer des Hockeysports,<\/p>\n<p class=\"bodytext\">mithilfe von Schulengel.de haben wir die M\u00f6glichkeit, ganz einfach und ohne zus\u00e4tzliche Kosten, Gelder f\u00fcr unseren F\u00f6rderverein zu sammeln \u2013 die wir gut f\u00fcr die F\u00f6rderung unserer Kinder gebrauchen k\u00f6nnen.<\/p>\n<p class=\"bodytext\">Viele Dinge des t\u00e4glichen Lebens werden heutzutage \u00fcber das Internet bestellt. Das Portal Schulengel.de ist ein Spendennetzwerk, dem sich viele Online-Shops angeschlossen haben (OTTO, Ebay, JAKO-O, myToys, Expedia, booking.com u.v.a.). Diese Shops zahlen eine Pr\u00e4mie, wenn Iht\u00a0beim n\u00e4chsten Einkauf in Eurem\u00a0Lieblingsshop vorher \u00fcber Schulengel.de geht.<\/p>\n<ul>\n<li class=\"bodytext\">Die Nutzung von Schulengel.de ist kostenfrei.<\/li>\n<li class=\"bodytext\">Der Einkauf kostet keinen Cent mehr.<\/li>\n<li class=\"bodytext\">Sie m\u00fcssen sich nicht registrieren.<\/li>\n<\/ul>\n<p class=\"bodytext\">Wir freuen uns sehr, wenn Ihr\u00a0bei Ihren Eink\u00e4ufen im Internet den Weg \u00fcber Schulengel.de geht\u00a0und damit kostenlos Spenden sammelt.<\/p>\n<p class=\"bodytext\">Alle Spenden kommen direkt\u00a0dem Verein zu Gute. Wie in den letzten Jahren setzen wir diese u. a. f\u00fcr Folgendes ein:<\/p>\n<ul>\n<li>Versch\u00f6nerung der Platzanlage<\/li>\n<li>Anschaffung neuer Ausr\u00fcstung f\u00fcr die Mannschaften<\/li>\n<li>Ankauf von Trainingszubeh\u00f6r<\/li>\n<li>Unterst\u00fctzung der Jugendarbeit<\/li>\n<\/ul>\n<p class=\"bodytext\"><b><\/b>F\u00fcr R\u00fcckfragen stehe ich gern zur Verf\u00fcgung.<\/p>\n<\/div>\n<\/div><\/div><\/div><div id=\"pgc-2186-0-1\"  class=\"panel-grid-cell\" ><div id=\"panel-2186-0-1-0\" class=\"so-panel widget widget_sow-editor panel-first-child panel-last-child\" data-index=\"1\" ><div class=\"panel-widget-style panel-widget-style-for-2186-0-1-0\" ><div\n\t\t\t\n\t\t\tclass=\"so-widget-sow-editor so-widget-sow-editor-base\"\n\t\t\t\n\t\t>\n<div class=\"siteorigin-widget-tinymce textwidget\">\n\t<p><strong>Wie geht es?<\/strong><\/p>\n<p>4 einfache Schritte!<\/p>\n<p>1. Auf die Grafik klicken.<\/p>\n<p><a href=\"https:\/\/www.schulengel.de\/einrichtungen\/details\/10229-foerderverein-hockeysport-dsc-preussen-1901-ev?utm_source=einrichtungsseite&amp;utm_medium=spendenbanner&amp;utm_campaign=spendenbanner135x134\" target=\"_blank\" rel=\"noopener noreferrer\"><img decoding=\"async\" src=\"\/\/www.schulengel.de\/widgets\/spendenbanner135x134-10229.png\" border=\"0\" \/><\/a><\/p>\n<p>2. <img loading=\"lazy\" decoding=\"async\" class=\"alignnone wp-image-2195 size-thumbnail\" src=\"http:\/\/dsc-preussen.de\/hockey\/wp-content\/uploads\/sites\/2\/2017\/12\/Schulengel_Einrichtung_waehlen-150x25.png\" alt=\"\" width=\"150\" height=\"25\" srcset=\"https:\/\/dsc-preussen.de\/hockey\/wp-content\/uploads\/sites\/2\/2017\/12\/Schulengel_Einrichtung_waehlen-150x25.png 150w, https:\/\/dsc-preussen.de\/hockey\/wp-content\/uploads\/sites\/2\/2017\/12\/Schulengel_Einrichtung_waehlen.png 224w\" sizes=\"auto, (max-width: 150px) 100vw, 150px\" \/><\/p>\n<p>3. Shop ausw\u00e4hlen.<\/p>\n<p>4. Einkaufen.<\/p>\n<\/div>\n<\/div><\/div><\/div><\/div><\/div><\/div>","protected":false},"excerpt":{"rendered":"<p>Online einkaufen und den DSC Preu\u00dfen unterst\u00fctzen. Liebe Preu\u00dfen, liebe Ehemalige und liebe Freunde und F\u00f6rderer des Hockeysports,mithilfe von Schulengel.de<\/p>\n","protected":false},"author":2,"featured_media":0,"parent":0,"menu_order":0,"comment_status":"closed","ping_status":"closed","template":"","meta":{"colormag_page_container_layout":"default_layout","colormag_page_sidebar_layout":"default_layout","_price":"","_stock":"","_tribe_ticket_header":"","_tribe_default_ticket_provider":"","_tribe_ticket_capacity":"0","_ticket_start_date":"","_ticket_end_date":"","_tribe_ticket_show_description":"","_tribe_ticket_show_not_going":false,"_tribe_ticket_use_global_stock":"","_tribe_ticket_global_stock_level":"","_global_stock_mode":"","_global_stock_cap":"","_tribe_rsvp_for_event":"","_tribe_ticket_going_count":"","_tribe_ticket_not_going_count":"","_tribe_tickets_list":"[]","_tribe_ticket_has_attendee_info_fields":false,"footnotes":"","_tec_slr_enabled":"","_tec_slr_layout":"","_links_to":"","_links_to_target":""},"class_list":["post-2186","page","type-page","status-publish","hentry"],"ticketed":false,"_links":{"self":[{"href":"https:\/\/dsc-preussen.de\/hockey\/wp-json\/wp\/v2\/pages\/2186","targetHints":{"allow":["GET"]}}],"collection":[{"href":"https:\/\/dsc-preussen.de\/hockey\/wp-json\/wp\/v2\/pages"}],"about":[{"href":"https:\/\/dsc-preussen.de\/hockey\/wp-json\/wp\/v2\/types\/page"}],"author":[{"embeddable":true,"href":"https:\/\/dsc-preussen.de\/hockey\/wp-json\/wp\/v2\/users\/2"}],"replies":[{"embeddable":true,"href":"https:\/\/dsc-preussen.de\/hockey\/wp-json\/wp\/v2\/comments?post=2186"}],"version-history":[{"count":26,"href":"https:\/\/dsc-preussen.de\/hockey\/wp-json\/wp\/v2\/pages\/2186\/revisions"}],"predecessor-version":[{"id":2246,"href":"https:\/\/dsc-preussen.de\/hockey\/wp-json\/wp\/v2\/pages\/2186\/revisions\/2246"}],"wp:attachment":[{"href":"https:\/\/dsc-preussen.de\/hockey\/wp-json\/wp\/v2\/media?parent=2186"}],"curies":[{"name":"wp","href":"https:\/\/api.w.org\/{rel}","templated":true}]}}