{"id":64,"date":"2017-02-24T20:37:29","date_gmt":"2017-02-24T19:37:29","guid":{"rendered":"http:\/\/dsc-preussen.de\/fv-hockey\/?page_id=64"},"modified":"2024-05-25T09:26:25","modified_gmt":"2024-05-25T07:26:25","slug":"projekte-2015","status":"publish","type":"page","link":"https:\/\/dsc-preussen.de\/fv-hockey\/projekte-2015\/","title":{"rendered":"Projekte 2015"},"content":{"rendered":"<p>Im Jahr 2015 hat der F\u00f6rderverein die Hockeyabteilung des DSC Preu\u00dfen bei folgende Projekte unterst\u00fctzt.<\/p>\n<blockquote><p>Holzb\u00e4nke<\/p><\/blockquote>\n<p>Auch 2015 wurden weitere Holzb\u00e4nke angeschafft.<\/p>\n<p><img loading=\"lazy\" decoding=\"async\" class=\"alignnone size-full wp-image-87\" src=\"http:\/\/dsc-preussen.de\/fv-hockey\/wp-content\/uploads\/sites\/5\/2017\/02\/F\u00f6Ve-Projekt-2015-B\u00e4nke-1.jpg\" alt=\"\" width=\"800\" height=\"445\" srcset=\"https:\/\/dsc-preussen.de\/fv-hockey\/wp-content\/uploads\/sites\/5\/2017\/02\/F\u00f6Ve-Projekt-2015-B\u00e4nke-1.jpg 800w, https:\/\/dsc-preussen.de\/fv-hockey\/wp-content\/uploads\/sites\/5\/2017\/02\/F\u00f6Ve-Projekt-2015-B\u00e4nke-1-300x167.jpg 300w, https:\/\/dsc-preussen.de\/fv-hockey\/wp-content\/uploads\/sites\/5\/2017\/02\/F\u00f6Ve-Projekt-2015-B\u00e4nke-1-768x427.jpg 768w\" sizes=\"auto, (max-width: 800px) 100vw, 800px\" \/><\/p>\n<blockquote><p>Unterst\u00fctzung Sommerfest<\/p><\/blockquote>\n<p>Das Sommerfest in diesem Jahr wurde durch den F\u00f6rderverein unterst\u00fctzt.<\/p>\n<blockquote><p>8. Preu\u00dfentag<\/p><\/blockquote>\n<p>Wieder zum Start der Hallensaison 2015 fand der 8. Preu\u00dfentag statt. Tatkr\u00e4ftig unterst\u00fctzten die Mitglieder des F\u00f6rdervereines die Veranstaltung und sorgten f\u00fcr Speis und Trank rund um die Spiele<\/p>\n","protected":false},"excerpt":{"rendered":"<p>Im Jahr 2015 hat der F\u00f6rderverein die Hockeyabteilung des DSC Preu\u00dfen bei folgende Projekte unterst\u00fctzt. Holzb\u00e4nke Auch 2015 wurden weitere<\/p>\n","protected":false},"author":2,"featured_media":0,"parent":0,"menu_order":0,"comment_status":"closed","ping_status":"closed","template":"","meta":{"colormag_page_container_layout":"default_layout","colormag_page_sidebar_layout":"default_layout","footnotes":"","_links_to":"","_links_to_target":""},"class_list":["post-64","page","type-page","status-publish","hentry"],"_links":{"self":[{"href":"https:\/\/dsc-preussen.de\/fv-hockey\/wp-json\/wp\/v2\/pages\/64","targetHints":{"allow":["GET"]}}],"collection":[{"href":"https:\/\/dsc-preussen.de\/fv-hockey\/wp-json\/wp\/v2\/pages"}],"about":[{"href":"https:\/\/dsc-preussen.de\/fv-hockey\/wp-json\/wp\/v2\/types\/page"}],"author":[{"embeddable":true,"href":"https:\/\/dsc-preussen.de\/fv-hockey\/wp-json\/wp\/v2\/users\/2"}],"replies":[{"embeddable":true,"href":"https:\/\/dsc-preussen.de\/fv-hockey\/wp-json\/wp\/v2\/comments?post=64"}],"version-history":[{"count":4,"href":"https:\/\/dsc-preussen.de\/fv-hockey\/wp-json\/wp\/v2\/pages\/64\/revisions"}],"predecessor-version":[{"id":138,"href":"https:\/\/dsc-preussen.de\/fv-hockey\/wp-json\/wp\/v2\/pages\/64\/revisions\/138"}],"wp:attachment":[{"href":"https:\/\/dsc-preussen.de\/fv-hockey\/wp-json\/wp\/v2\/media?parent=64"}],"curies":[{"name":"wp","href":"https:\/\/api.w.org\/{rel}","templated":true}]}}